30088344?
True
Does 3600 divide 154663200?
True
Is 217827937 a multiple of 203?
False
Is 3014311503 a multiple of 6881?
True
Is 7 a factor of 35362138?
True
Is 24 a factor of 17508550?
False
Is 1230 a factor of 80899818?
False
Is 24 a factor of 2912901744?
True
Is 2119488026 a multiple of 1134?
False
Is 50994848 a multiple of 16?
True
Is 28 a factor of 172791108?
True
Is 1973930112 a multiple of 9408?
True
Does 20 divide 156107295?
False
Does 7 divide 120329776?
True
Is 42 a factor of 274609986?
True
Does 634 divide 260464318?
True
Is 134574305 a multiple of 802?
False
Is 13 a factor of 25920156?
False
Does 3 divide 4597983?
True
Is 220 a factor of 1083628040?
True
Does 55 divide 18507445?
True
Is 2397 a factor of 317906919?
True
Is 278 a factor of 140160208?
False
Is 225 a factor of 44135100?
True
Is 1314 a factor of 51667794?
True
Is 1767674882 a multiple of 15?
False
Is 11182727 a multiple of 7?
False
Is 636 a factor of 68783769?
False
Is 1499265594 a multiple of 2049?
True
Is 5190858 a multiple of 346?
False
Does 555 divide 40432328?
False
Is 12537232 a multiple of 16?
True
Is 563 a factor of 1583738705?
True
Is 95074754 a multiple of 1024?
False
Does 5207 divide 579965214?
False
Does 132 divide 14658287?
False
Is 1343185228 a multiple of 638?
True
Is 758018480 a multiple of 330?
False
Is 34834173 a multiple of 33?
True
Is 51288791 a multiple of 30?
False
Does 41 divide 5858692?
False
Is 758334614 a multiple of 82?
False
Is 60168602 a multiple of 26?
True
Does 396 divide 67866084?
True
Is 68458899 a multiple of 77?
False
Is 27578597 a multiple of 1655?
False
Does 13 divide 89145355?
True
Does 82 divide 660380971?
False
Is 88 a factor of 1870125774?
False
Is 312 a factor of 117200550?
False
Is 9297558 a multiple of 1503?
True
Does 151 divide 405447568?
False
Is 193 a factor of 1492000405?
False
Does 998 divide 823775148?
True
Is 73531086 a multiple of 3?
True
Is 21057240 a multiple of 24?
True
Is 2744658 a multiple of 174?
False
Is 69396044 a multiple of 7?
False
Is 11435830 a multiple of 570?
False
Is 7319 a factor of 249702058?
False
Does 824 divide 22813856?
False
Is 11 a factor of 801219683?
True
Is 35 a factor of 67546465?
True
Does 7424 divide 890871523?
False
Is 311508696 a multiple of 24?
True
Is 11282530 a multiple of 178?
True
Is 363 a factor of 309376914?
True
Is 87 a factor of 3377720?
False
Does 1102 divide 4882135464?
False
Is 10738625 a multiple of 25?
True
Is 69336216 a multiple of 72?
True
Is 49 a factor of 418760446?
False
Does 741 divide 302780751?
True
Is 148 a factor of 78795200?
True
Is 5 a factor of 32208927?
False
Is 134 a factor of 80212583?
False
Is 37994712 a multiple of 1932?
True
Is 4221408 a multiple of 89?
False
Is 318 a factor of 31370043?
False
Is 13542628 a multiple of 451?
True
Does 948 divide 38888484?
False
Does 82 divide 78010044?
True
Does 11 divide 1455378754?
False
Is 2 a factor of 15562923?
False
Is 17 a factor of 32778397?
True
Is 58394579 even?
False
Is 2606777280 a multiple of 1224?
True
Is 72 a factor of 212835018?
False
Does 2999 divide 79477556?
False
Is 52 a factor of 23222047?
False
Does 1083 divide 476941287?
True
Does 505 divide 86064862?
False
Is 3247767341 a multiple of 183?
False
Is 210037453 a multiple of 14?
False
Is 7683528 a multiple of 3?
True
Is 688475 a multiple of 118?
False
Is 14 a factor of 156742642?
True
Is 5914035 a multiple of 3?
True
Is 38491749 a multiple of 1182?
False
Is 3 a factor of 13019614?
False
Is 425549420 a multiple of 61?
True
Does 6893 divide 1324515364?
False
Does 286 divide 453557856?
False
Is 2128 a factor of 18941328?
True
Does 28 divide 2240081984?
True
Does 265 divide 1406355?
True
Does 15 divide 52592362?
False
Does 169 divide 983964?
False
Is 10 a factor of 79373146?
False
Is 1228650450 a multiple of 569?
False
Is 2432057978 a multiple of 238?
True
Is 10566066 a multiple of 21?
True
Is 20745900 a multiple of 1602?
True
Is 4 a factor of 726492?
True
Is 1187985060 a multiple of 1690?
False
Is 39194328 a multiple of 233?
True
Does 1066 divide 111826948?
False
Does 123 divide 1715345623?
False
Does 472 divide 45155911?
False
Is 3 a factor of 29564148?
True
Is 92012801 a multiple of 27?
False
Is 122819640 a multiple of 4?
True
Does 91 divide 31740467?
False
Is 377468788 a multiple of 9?
False
Is 10 a factor of 136121720?
True
Does 42 divide 9535443?
False
Is 141651741 a multiple of 1949?
False
Does 285 divide 281090370?
True
Is 356082046 a multiple of 214?
False
Does 1803 divide 156464340?
True
Is 116 a factor of 221087389?
False
Is 14223883 a multiple of 17?
True
Does 48 divide 1356798480?
True
Is 75 a factor of 2576400?
True
Is 438 a factor of 3757602?
True
Is 201 a factor of 36882774?
False
Is 207 a factor of 784323?
True
Does 9 divide 283641858?
True
Is 3794 a factor of 509151006?
True
Is 2047 a factor of 65663666?
True
Is 47700418 a multiple of 74?
False
Is 25 a factor of 2260404775?
True
Does 10 divide 252080032?
False
Is 3494631979 a multiple of 181?
True
Does 19 divide 19908504?
True
Does 13 divide 31293561?
True
Is 43 a factor of 188407853?
False
Does 2 divide 9481287?
False
Does 5226 divide 85231035?
False
Is 200117181 a multiple of 23?
True
Is 2031332010 a multiple of 900?
False
Does 74 divide 2380108369?
False
Does 11 divide 2452147?
False
Does 299 divide 25770810?
True
Is 1400 a factor of 3442802060?
False
Is 44322575 a multiple of 25?
True
Does 39 divide 1237876459?
False
Does 16 divide 30619957?
False
Is 1751 a factor of 2212211681?
False
Is 32 a factor of 15169024?
True
Is 1387455903 a multiple of 9?
True
Is 5414560 a multiple of 160?
True
Does 2653 divide 17468652?
False
Does 1490 divide 30615030?
True
Does 971 divide 1468468634?
False
Is 5719 a factor of 140188262?
False
Is 67 a factor of 20388100?
True
Does 176 divide 13956800?
True
Does 58 divide 2891271521?
False
Is 95845106 a multiple of 6?
False
Does 2242 divide 50967528?
False
Is 4828 a factor of 522486160?
True
Is 1238475742 a multiple of 25?
False
Is 357 a factor of 28576065?
True
Is 11 a factor of 196805014?
False
Is 9483365 a multiple of 155?
True
Is 36 a factor of 2453580?
True
Is 5248 a factor of 149966848?
True
Is 6 a factor of 203369928?
True
Does 260 divide 92185080?
True
Does 26 divide 83341980?
False
Is 71855084 a multiple of 28?
True
Is 897459537 a multiple of 1362?
False
Is 1236319 a multiple of 49?
True
Does 1235 divide 12451520?
False
Is 84 a factor of 322145618?
False
Is 986923034 a multiple of 1269?
False
Is 25825401 a multiple of 157?
True
Is 28 a factor of 11006195?
False
Is 26983182 a multiple of 6?
True
Is 139628544 a multiple of 88?
True
Is 27 a factor of 8706582?
True
Is 38508642 a multiple of 7?
False
Does 57 divide 2694592?
False
Is 1046450924 a multiple of 25?
False
Is 870 a factor of 565409776?
False
Does 32 divide 156985202?
False
Does 29 divide 120245020?
True
Is 10 a factor of 2289997740?
True
Does 505 divide 85873427?
False
Is 182 a factor of 384435506?
True
Is 36 a factor of 1329474847?
False
Does 23 divide 1362994260?
True
Does 5030 divide 319193382?
False
Is 85732460 a multiple of 22?
True
Is 11432785 a multiple of 135?
False
Is 370 a factor of 33903642?
False
Is 38021268 a multiple of 6?
True
Is 4050 a factor of 1048302788?
False
Does 897 divide 957498165?
True
Does 3634 divide 255475514?
False
Does 581 divide 583614500?
True
Is 524 a factor of 40459088?
True
Does 1958 divide 4399441825?
False
Is 139397688 a multiple of 1867?
True
Does 153 divide 3477885256?
False
Is 2 a factor of 40554422?
True
Is 16 a factor of 25605776?
True
Does 347 divide 36750076?
True
Is 331 a factor of 422693289?
True
Is 68192512 a multiple of 1312?
True
Is 143169703 a multiple of 31?
False
Is 48853024 a multiple of 1936?
True
Is 47974514 a multiple of 6?
False
Is 10 a factor of 146594778?
False
Does 1276 divide 69098078?
False
Is 181 a factor of 30922764?
True
Is 27 a factor of 154742203?
False
Is 588 a factor of 125036445?
False
Is 2310502707 a multiple of 629?
False
Does 4390 divide 8587258066?
False
Is 1080 a factor of 910831084?
False
Is 698 a factor of 834351508?
True
Is 143092590 a multiple of 251?
True
Is 581 a factor of 584786942?
False
Does 4926 divide 1860292071?
False
Does 771 divide 1368490305?
True
Does 9 divide 736910292?
False
Does 28 divide 1984497682?